{"id":41,"date":"2014-10-19T09:45:08","date_gmt":"2014-10-19T07:45:08","guid":{"rendered":"https:\/\/asieci.it\/cms\/?page_id=41"},"modified":"2021-01-02T19:54:53","modified_gmt":"2021-01-02T18:54:53","slug":"comunicazione-ipnotica","status":"publish","type":"page","link":"https:\/\/asieci.it\/cms\/comunicazione-ipnotica\/","title":{"rendered":"Comunicazione ipnotica"},"content":{"rendered":"<h4 style=\"text-align: left;\">Il linguaggio verbale e la comunicazione non verbale hanno, comunque vengano pi\u00f9 o meno consapevolmente utilizzati, un grande potere sia in senso negativo sia in senso positivo; \u00e8 fondamentale che gli operatori siano addestrati a utilizzare in maniera consapevole frasi e gesti\u00a0che sono determinanti nella gestione del percorso di cura del paziente e delle criticit\u00e0 che si devono affrontare.<\/h4>\n<h4>L\u2019ipnosi, ha concrete basi neurobiologiche, \u00e8 uno stato mentale naturale, diverso dagli stati di veglia e di sonno. In questo stato di particolare partecipazione mente-corpo il soggetto riesce ad influire sulle proprie condizioni psichiche e fisiche, attraverso la realizzazione di un monoideismo plastico si possono produrre fenomeni a livello fisico e mentale \u00a0solitamente non ottenibili con la volont\u00e0, come il controllo del sistema nervoso autonomo. Lo stato mentale d\u2019ipnosi \u00e8 uno stato fisiologico in cui \u00e8 possibile influire sulle condizioni emotive, somatiche e viscerali del soggetto, inducendo rassicurazione e tranquillit\u00e0 nel paziente in difficolt\u00e0 e favorendo la collaborazione e la cura, riducendo la percezione dolorosa. Alcuni studi hanno permesso di osservare come L\u2019effetto antidolorifico\u00a0(o antinocicettivo) dell\u2019ipnosi \u00e8 tale da ridurre il dolore almeno del 50%, come evidenziato dalla PET<\/h4>\n<h4><strong><em>La Comunicazione Ipnotica \u00e8 una tecnica di comunicazione che <\/em><\/strong><strong><em>applica consapevolmente i <\/em><\/strong><strong><em>meccanismi neurolinguistici implicati in alcune funzioni della mente.<\/em><\/strong><\/h4>\n<h4><strong><em>Il principio della Comunicazione Ipnotica \u00e8 la consapevolezza del potere delle parole per creare immagini mentali, che riverberino nel corpo modificandolo.<\/em><\/strong><\/h4>\n<h4><strong><em> Con la Comunicazione Ipnotica si guida il paziente nella percezione di se e dell\u2019esperienza che sta vivendo.<\/em><\/strong><\/h4>\n<h4><strong><em> Si avvale dell\u2019azione che le parole hanno a livello neurofisiologico e della relazione di fiducia che via via si instaura tra operatore e paziente.<\/em><\/strong><\/h4>\n<h4><strong><em> Pu\u00f2 essere utilizzata anche senza che sia in atto una modifica dello stato di coscienza ma la relazione di fiducia che si instaura pu\u00f2 portare alla realizzazione di uno stato di <\/em><\/strong><strong><em>coscienza particolare, fisiologico e dinamico che sviluppa una particolare partecipazione mente-corpo con la quale il soggetto riesce ad influire sulle proprie condizioni psichiche e fisiche grazie al manifestarsi di fenomeni fisicamente evidenti che sono l\u2019espressione della potenza di una immagine, (monoideismo plastico).<\/em><\/strong><\/h4>\n<h4>Il professionista capace di adottare questa tecnica pu\u00f2 contribuire a ridurre la percezione del dolore e dell&#8217;ansia correlate alle procedure interventistiche<\/h4>\n<h4>La comunicazione ipnotica, applicata nella pratica assistenziale propria degli infermieri, crea una relazione di fiducia che permette al paziente di sperimentare un particolare stato di coscienza grazie al quale \u00e8 possibile sviluppare e incrementare le capacit\u00e0 di autoapprendimento autodeterminazione del soggetto.<\/h4>\n<h4>La differenza con altre modalit\u00e0 comunicative, \u00e8 nella capacit\u00e0 del professionista di sfruttare in modo consapevole i meccanismi neurolinguistici implicati in alcune funzioni della mente umana.<\/h4>\n<h4>Per questa ragione \u00e8 indispensabile un&#8217;adeguata formazione degli operatori sanitari relativamente alle modalit\u00e0 di comunicazione che comprendano l&#8217;utilizzo di tecniche adatte ad aumentare la compliance nelle situazioni di disagio acuto del paziente. Si \u00e8 osservato infatti che saper gestire la relazione con tecniche di comunicazione ipnotica, conoscerne le potenzialit\u00e0 per migliorare l\u2019adesione alla procedura e alla terapia, \u00e8 un modo per intervenire su quella quota di dolore procurata dagli stessi interventi sanitari e che non pu\u00f2 essere sottovalutata.<\/h4>\n<h4><\/h4>\n","protected":false},"excerpt":{"rendered":"<p>Il linguaggio verbale e la comunicazione non verbale hanno, comunque vengano pi\u00f9 o meno consapevolmente utilizzati, un grande potere sia in senso negativo sia in senso positivo; \u00e8 fondamentale che [&hellip;]<\/p>\n","protected":false},"author":94,"featured_media":89,"parent":0,"menu_order":1,"comment_status":"closed","ping_status":"closed","template":"","meta":{"_et_pb_use_builder":"","_et_pb_old_content":"","_et_gb_content_width":"","footnotes":""},"yoast_head":"<!-- This site is optimized with the Yoast SEO plugin v22.8 - https:\/\/yoast.com\/wordpress\/plugins\/seo\/ -->\n<title>Comunicazione ipnotica - A.S.I.E.C.I.<\/title>\n<meta name=\"robots\" content=\"index, follow, max-snippet:-1, max-image-preview:large, max-video-preview:-1\" \/>\n<link rel=\"canonical\" href=\"https:\/\/asieci.it\/cms\/comunicazione-ipnotica\/\" \/>\n<meta property=\"og:locale\" content=\"it_IT\" \/>\n<meta property=\"og:type\" content=\"article\" \/>\n<meta property=\"og:title\" content=\"Comunicazione ipnotica - A.S.I.E.C.I.\" \/>\n<meta property=\"og:description\" content=\"Il linguaggio verbale e la comunicazione non verbale hanno, comunque vengano pi\u00f9 o meno consapevolmente utilizzati, un grande potere sia in senso negativo sia in senso positivo; \u00e8 fondamentale che [&hellip;]\" \/>\n<meta property=\"og:url\" content=\"https:\/\/asieci.it\/cms\/comunicazione-ipnotica\/\" \/>\n<meta property=\"og:site_name\" content=\"A.S.I.E.C.I.\" \/>\n<meta property=\"article:modified_time\" content=\"2021-01-02T18:54:53+00:00\" \/>\n<meta property=\"og:image\" content=\"https:\/\/asieci.it\/cms\/wp-content\/uploads\/2014\/10\/banner-logo.jpg\" \/>\n\t<meta property=\"og:image:width\" content=\"675\" \/>\n\t<meta property=\"og:image:height\" content=\"230\" \/>\n\t<meta property=\"og:image:type\" content=\"image\/jpeg\" \/>\n<meta name=\"twitter:label1\" content=\"Tempo di lettura stimato\" \/>\n\t<meta name=\"twitter:data1\" content=\"3 minuti\" \/>\n<script type=\"application\/ld+json\" class=\"yoast-schema-graph\">{\"@context\":\"https:\/\/schema.org\",\"@graph\":[{\"@type\":\"WebPage\",\"@id\":\"https:\/\/asieci.it\/cms\/comunicazione-ipnotica\/\",\"url\":\"https:\/\/asieci.it\/cms\/comunicazione-ipnotica\/\",\"name\":\"Comunicazione ipnotica - A.S.I.E.C.I.\",\"isPartOf\":{\"@id\":\"https:\/\/asieci.it\/cms\/#website\"},\"primaryImageOfPage\":{\"@id\":\"https:\/\/asieci.it\/cms\/comunicazione-ipnotica\/#primaryimage\"},\"image\":{\"@id\":\"https:\/\/asieci.it\/cms\/comunicazione-ipnotica\/#primaryimage\"},\"thumbnailUrl\":\"https:\/\/asieci.it\/cms\/wp-content\/uploads\/2014\/10\/banner-logo.jpg\",\"datePublished\":\"2014-10-19T07:45:08+00:00\",\"dateModified\":\"2021-01-02T18:54:53+00:00\",\"breadcrumb\":{\"@id\":\"https:\/\/asieci.it\/cms\/comunicazione-ipnotica\/#breadcrumb\"},\"inLanguage\":\"it-IT\",\"potentialAction\":[{\"@type\":\"ReadAction\",\"target\":[\"https:\/\/asieci.it\/cms\/comunicazione-ipnotica\/\"]}]},{\"@type\":\"ImageObject\",\"inLanguage\":\"it-IT\",\"@id\":\"https:\/\/asieci.it\/cms\/comunicazione-ipnotica\/#primaryimage\",\"url\":\"https:\/\/asieci.it\/cms\/wp-content\/uploads\/2014\/10\/banner-logo.jpg\",\"contentUrl\":\"https:\/\/asieci.it\/cms\/wp-content\/uploads\/2014\/10\/banner-logo.jpg\",\"width\":675,\"height\":230},{\"@type\":\"BreadcrumbList\",\"@id\":\"https:\/\/asieci.it\/cms\/comunicazione-ipnotica\/#breadcrumb\",\"itemListElement\":[{\"@type\":\"ListItem\",\"position\":1,\"name\":\"Home\",\"item\":\"https:\/\/asieci.it\/cms\/\"},{\"@type\":\"ListItem\",\"position\":2,\"name\":\"Comunicazione ipnotica\"}]},{\"@type\":\"WebSite\",\"@id\":\"https:\/\/asieci.it\/cms\/#website\",\"url\":\"https:\/\/asieci.it\/cms\/\",\"name\":\"A.S.I.E.C.I.\",\"description\":\"Associazione Scientifica Infermieri Esperti Comunicazione Ipnotica\",\"publisher\":{\"@id\":\"https:\/\/asieci.it\/cms\/#organization\"},\"potentialAction\":[{\"@type\":\"SearchAction\",\"target\":{\"@type\":\"EntryPoint\",\"urlTemplate\":\"https:\/\/asieci.it\/cms\/?s={search_term_string}\"},\"query-input\":\"required name=search_term_string\"}],\"inLanguage\":\"it-IT\"},{\"@type\":\"Organization\",\"@id\":\"https:\/\/asieci.it\/cms\/#organization\",\"name\":\"ASIECI - Associazione Scientifica Infermieri Esperti Comunicazione Ipnotica\",\"url\":\"https:\/\/asieci.it\/cms\/\",\"logo\":{\"@type\":\"ImageObject\",\"inLanguage\":\"it-IT\",\"@id\":\"https:\/\/asieci.it\/cms\/#\/schema\/logo\/image\/\",\"url\":\"https:\/\/asieci.it\/cms\/wp-content\/uploads\/2015\/12\/Logo.png\",\"contentUrl\":\"https:\/\/asieci.it\/cms\/wp-content\/uploads\/2015\/12\/Logo.png\",\"width\":1025,\"height\":343,\"caption\":\"ASIECI - Associazione Scientifica Infermieri Esperti Comunicazione Ipnotica\"},\"image\":{\"@id\":\"https:\/\/asieci.it\/cms\/#\/schema\/logo\/image\/\"}}]}<\/script>\n<!-- \/ Yoast SEO plugin. -->","yoast_head_json":{"title":"Comunicazione ipnotica - A.S.I.E.C.I.","robots":{"index":"index","follow":"follow","max-snippet":"max-snippet:-1","max-image-preview":"max-image-preview:large","max-video-preview":"max-video-preview:-1"},"canonical":"https:\/\/asieci.it\/cms\/comunicazione-ipnotica\/","og_locale":"it_IT","og_type":"article","og_title":"Comunicazione ipnotica - A.S.I.E.C.I.","og_description":"Il linguaggio verbale e la comunicazione non verbale hanno, comunque vengano pi\u00f9 o meno consapevolmente utilizzati, un grande potere sia in senso negativo sia in senso positivo; \u00e8 fondamentale che [&hellip;]","og_url":"https:\/\/asieci.it\/cms\/comunicazione-ipnotica\/","og_site_name":"A.S.I.E.C.I.","article_modified_time":"2021-01-02T18:54:53+00:00","og_image":[{"width":675,"height":230,"url":"https:\/\/asieci.it\/cms\/wp-content\/uploads\/2014\/10\/banner-logo.jpg","type":"image\/jpeg"}],"twitter_misc":{"Tempo di lettura stimato":"3 minuti"},"schema":{"@context":"https:\/\/schema.org","@graph":[{"@type":"WebPage","@id":"https:\/\/asieci.it\/cms\/comunicazione-ipnotica\/","url":"https:\/\/asieci.it\/cms\/comunicazione-ipnotica\/","name":"Comunicazione ipnotica - A.S.I.E.C.I.","isPartOf":{"@id":"https:\/\/asieci.it\/cms\/#website"},"primaryImageOfPage":{"@id":"https:\/\/asieci.it\/cms\/comunicazione-ipnotica\/#primaryimage"},"image":{"@id":"https:\/\/asieci.it\/cms\/comunicazione-ipnotica\/#primaryimage"},"thumbnailUrl":"https:\/\/asieci.it\/cms\/wp-content\/uploads\/2014\/10\/banner-logo.jpg","datePublished":"2014-10-19T07:45:08+00:00","dateModified":"2021-01-02T18:54:53+00:00","breadcrumb":{"@id":"https:\/\/asieci.it\/cms\/comunicazione-ipnotica\/#breadcrumb"},"inLanguage":"it-IT","potentialAction":[{"@type":"ReadAction","target":["https:\/\/asieci.it\/cms\/comunicazione-ipnotica\/"]}]},{"@type":"ImageObject","inLanguage":"it-IT","@id":"https:\/\/asieci.it\/cms\/comunicazione-ipnotica\/#primaryimage","url":"https:\/\/asieci.it\/cms\/wp-content\/uploads\/2014\/10\/banner-logo.jpg","contentUrl":"https:\/\/asieci.it\/cms\/wp-content\/uploads\/2014\/10\/banner-logo.jpg","width":675,"height":230},{"@type":"BreadcrumbList","@id":"https:\/\/asieci.it\/cms\/comunicazione-ipnotica\/#breadcrumb","itemListElement":[{"@type":"ListItem","position":1,"name":"Home","item":"https:\/\/asieci.it\/cms\/"},{"@type":"ListItem","position":2,"name":"Comunicazione ipnotica"}]},{"@type":"WebSite","@id":"https:\/\/asieci.it\/cms\/#website","url":"https:\/\/asieci.it\/cms\/","name":"A.S.I.E.C.I.","description":"Associazione Scientifica Infermieri Esperti Comunicazione Ipnotica","publisher":{"@id":"https:\/\/asieci.it\/cms\/#organization"},"potentialAction":[{"@type":"SearchAction","target":{"@type":"EntryPoint","urlTemplate":"https:\/\/asieci.it\/cms\/?s={search_term_string}"},"query-input":"required name=search_term_string"}],"inLanguage":"it-IT"},{"@type":"Organization","@id":"https:\/\/asieci.it\/cms\/#organization","name":"ASIECI - Associazione Scientifica Infermieri Esperti Comunicazione Ipnotica","url":"https:\/\/asieci.it\/cms\/","logo":{"@type":"ImageObject","inLanguage":"it-IT","@id":"https:\/\/asieci.it\/cms\/#\/schema\/logo\/image\/","url":"https:\/\/asieci.it\/cms\/wp-content\/uploads\/2015\/12\/Logo.png","contentUrl":"https:\/\/asieci.it\/cms\/wp-content\/uploads\/2015\/12\/Logo.png","width":1025,"height":343,"caption":"ASIECI - Associazione Scientifica Infermieri Esperti Comunicazione Ipnotica"},"image":{"@id":"https:\/\/asieci.it\/cms\/#\/schema\/logo\/image\/"}}]}},"_links":{"self":[{"href":"https:\/\/asieci.it\/cms\/wp-json\/wp\/v2\/pages\/41"}],"collection":[{"href":"https:\/\/asieci.it\/cms\/wp-json\/wp\/v2\/pages"}],"about":[{"href":"https:\/\/asieci.it\/cms\/wp-json\/wp\/v2\/types\/page"}],"author":[{"embeddable":true,"href":"https:\/\/asieci.it\/cms\/wp-json\/wp\/v2\/users\/94"}],"replies":[{"embeddable":true,"href":"https:\/\/asieci.it\/cms\/wp-json\/wp\/v2\/comments?post=41"}],"version-history":[{"count":0,"href":"https:\/\/asieci.it\/cms\/wp-json\/wp\/v2\/pages\/41\/revisions"}],"wp:featuredmedia":[{"embeddable":true,"href":"https:\/\/asieci.it\/cms\/wp-json\/wp\/v2\/media\/89"}],"wp:attachment":[{"href":"https:\/\/asieci.it\/cms\/wp-json\/wp\/v2\/media?parent=41"}],"curies":[{"name":"wp","href":"https:\/\/api.w.org\/{rel}","templated":true}]}}